- v + 1. Calculate s(a).
-7
Let o(v) = v - 5 - 8*v + 448*v**2 + 6*v - 449*v**2 + 4*v. Determine o(5).
-15
Let z(d) be the second derivative of -d**5/10 + 5*d**4/12 + d**3/6 - 11*d**2/2 - 2743*d. What is z(4)?
-55
Let j be 1 - 4/(2/(-2)). Let t be 5/(128/(-24) + 7). Let g(x) = -j + 4 - x**t - 3 + 733*x - 739*x + 7*x**2. What is g(6)?
-4
Let v(u) = u**2 - u - 6. Suppose 3*r - 2*j - 1514 = -r, 3*r = -3*j + 1131. Suppose 6*b + 348 = r. What is v(b)?
14
Let a(y) = -3*y**2 + y**2 + 34 - 11 + y**2 + 8. Calculate a(-6).
-5
Let x(n) = n**2 + 18*n + 45. Let q be x(-15). Let y(p) be the second derivative of -3/2*p**2 + 15*p + q + 1/3*p**3 - 1/3*p**4. Give y(2).
-15
Let u(m) = -4*m + 22. Suppose 24*i + 324 = 78*i. Determine u(i).
-2
Let j(k) = 0*k + k - 7*k + 0*k. Suppose -i = -3*b - b - 298, 0 = 5*i + 10. Let f = -74 - b. Give j(f).
-6
Let u = 1723 + -947. Let b(c) = -u*c + 773*c + 6 + 6. Give b(6).
-6
Let k(s) = s**3 - s**2 + s - 14. Suppose -3*q + 444 = 4*b - 7*b, -426 = -3*q - 3*b. Suppose 0 = 5*a + 2*v - q, v = -2*a + 8 + 49. Let p = 31 - a. Give k(p).
-14
Let a(h) = -h + 6*h - h**2 - 4 + h. Suppose 5*b + 4*o = 43, -17*o = 3*b - 13*o - 21. Suppose -b*c = -c - 40. Determine a(c).
4
Let c = -315 + 360. Let y(t) = -c*t**2 + 17*t**2 + 11*t**2 - 2*t + t**3 + 19*t**2 + 5. Determine y(-4).
-19
Let w(h) = -h**3 + 5*h**2 + 9*h - 6. Let i = 101 + -107. Let o be (-1)/(220/(-75) + 3). Let r be ((-102)/(-15) + i)*o/(-2). Determine w(r).
12
Let c be ((-81)/6)/9*-2. Suppose -214 = c*a - 34. Let s be (3/(-2))/(18/a). Let r(l) = 2*l - 5. Calculate r(s).
5
Suppose -34 = -21*u + 4*u. Let x(z) be the first derivative of -1/2*z**u + 0*z**3 - 3/4*z**4 + 5 + 0*z. Determine x(1).
-4
Let v(n) = -n**2 - 10*n - 9. Suppose 289*z - 280*z + 54 = 0. Determine v(z).
15
Let h(k) = 66*k + 320. Let m be h(-5). Let z(g) = -2*g**3 - 19*g**2 + 12*g + 8. Give z(m).
-12
Suppose 0 = 2*v + 3*v + 3*i - 25, -5*v - 2*i = -30. Suppose -3*h + a - 3*a = 8, 4*a + v = -4*h. Let n(z) = -z**3 - 4*z**2 - 4*z - 5. What is n(h)?
11
Let n = 3 + -2. Suppose 8 = -17*l + 15*l. Let p(v) = -2*v - 2. Let h(x) = -2*x - 1. Let m(t) = l*p(t) + 7*h(t). Determine m(n).
-5
Let u(i) be the first derivative of 35*i**2/2 - 141*i + 185. What is u(4)?
-1
Let j(t) be the first derivative of -t**3/3 + 8*t**2 + 14*t + 1764. Determine j(17).
-3
Let a(k) = 418*k - 6259. Let t be a(15). Let i(v) = -4 - v + v - v. Give i(t).
-15
Let u(h) = 4*h - 4. Suppose 26*r = 28*r. Suppose -12*a + 7*a + 60 = r. Suppose 24*m - a = 22*m. Calculate u(m).
20
Let l(m) = -m**3 - 8*m**2 - 5*m + 7. Let t = -40 - -42. Let n be (5 - 6)*(t + 0 + -2). Let x = -7 + n. Determine l(x).
-7
Let m(u) = -u**3 - 4*u**2 + 26. Let b(h) = 2*h**3 + 7*h**2 - 2*h - 57. Let q(p) = 4*b(p) + 9*m(p). Give q(-6).
-18
Let x(j) = 0*j + 3*j - 4*j - 5*j**2 + 3 - 1 - j**3. Suppose 1560*i + 44 = 1549*i. What is x(i)?
-10
Suppose -29 - 16 = -9*r. Suppose 3*s - r*s = -6. Suppose -11*u + s = -14*u. Let z(v) = -21*v**2 + 1. Give z(u).
-20
Let o(k) be the first derivative of -8*k**3/3 - k**2 + 10*k - 5137. Give o(3).
-68
Let u(l) be the first derivative of 1/3*l**3 - 25*l - 8*l**2 - 10. Give u(17).
-8
Let v(a) = -279*a + 963. Let w(f) = -9*f + 31. Let x(n) = -2*v(n) + 63*w(n). Determine x(6).
-27
Let n(r) = 1 + r**2 + 151*r**3 + 151*r**3 + 151*r**3 - 452*r**3. Calculate n(-2).
-3
Suppose -74*o = -335 - 331. Let n(y) = -y**3 + 10*y**2 - 6*y - 11. Calculate n(o).
16
Let t(z) = -8*z + 25. Let y(v) = 59*v - 148. Let p(n) = 13*t(n) + 2*y(n). What is p(6)?
113
Let u(m) = -28*m - 35. Let y be 5/10 + (-1)/2*35. Let c(o) = 10*o + 12. Let i(h) = y*c(h) - 6*u(h). Calculate i(4).
-2
Let q be (-8)/(-52) + 50/13. Let p(k) = -10*k + q - 5 + 11*k. Determine p(7).
6
Suppose 0 = -47*w + 192 + 1030. Let d(o) = 19*o - 498. Calculate d(w).
-4
Let m(w) = w**3 + w**2 - w. Suppose -2*d + 4*z = -20 + 4, 5*z + 20 = 5*d. Suppose d = -11*y + 8*y - 3. Give m(y).
1
Suppose -8*n = -31*k + 27*k - 56, 67 = -5*n - 6*k. Let j(l) = -8*l**2 + 2*l + 3. Let t(a) = 17*a**2 - 4*a - 5. Let y(h) = 7*j(h) + 4*t(h). Determine y(n).
11
Let s(i) = -11*i - 2573 + 10289 - 2561 - 2578 - 2575. Let k = 0 - -2. Calculate s(k).
-20
Let n(k) = -3*k**2 - 20*k + 20. Let j be n(1). Let y(l) = -2 + 4 - 3 + 6*l. What is y(j)?
-19
Let z(i) be the third derivative of -5*i**4/24 + 2*i**3/3 - 62*i**2 + 14*i. What is z(2)?
-6
Let m(t) = 3*t. Let f(r) = -r - 2. Let y(w) = 11*w - 7. Let x(j) = -3*f(j) + y(j). Let b(c) = 6*m(c) - x(c). Give b(-1).
-3
Let n(o) = -7 + 6*o**2 + 14*o**2 + 0 - 12*o**2 - 9*o**2. Let h(f) = f - 2. Let y be h(4). Suppose 0 = y*i - j - 4 + 3, -5*i - j - 1 = 0. Calculate n(i).
-7
Let p = 71 + -65. Let k(s) = 3*s + 7. Let z(q) = q + 6. Let g(n) = p*z(n) - 5*k(n). Determine g(2).
-17
Suppose -3*s = 9, 11*s = 2*x + 13*s. Let g(u) = 3*u - 3*u - 9 + 0*u - 2*u + u**x + 4*u**2. What is g(-3)?
6
Let m(f) = -f**2 - 10 - 5*f + 5*f - 8*f + 13*f. Calculate m(4).
-6
Let g(v) = 19*v + 18*v - 1 + 16 + 4*v**2 - 55*v. Give g(3).
-3
Let q(p) be the third derivative of p**7/630 + p**5/60 - p**4/24 - 2*p**3 - 152*p**2. Let r(d) be the second derivative of q(d). Calculate r(-2).
18
Let v(p) = 3*p + 12. Let n(j) be the third derivative of j**5/20 - 7*j**4/24 + j**3/3 + 2*j**2 - 51*j. Let w be n(2). What is v(w)?
12
Let t = -70 + 69. Let d be 2/(1/(-2)*t). Let z(m) = m**2 + 7*m + 3. Let h(w) = -w**2 - 9*w - 4. Let v(b) = d*h(b) + 5*z(b). What is v(3)?
5
Suppose -6*g = -2*g - 8. Let q(r) = 0*r + 3 - 10*r**g + 5 - r + r**3. Let u = 10859 - 10849. What is q(u)?
-2
Let r be (-40)/(-5) + (-3 - -1). Let p(g) = -7*g**3 - 14*g**2 + 10*g + 6. Let u(n) = 12*n**3 + 26*n**2 - 18*n - 12. Let z(y) = -7*p(y) - 4*u(y). Give z(r).
18
Let v be (-4)/14 - 112/(-49). Let g(c) = -c**v - 101 + 103 - c + 2*c. Determine g(-2).
-4
Let f(s) = s**2 + 16*s + 5. Let j(o) = o**2 + 19*o + 5. Let r be 3744/648 + (-2)/(-9). Let w(a) = r*f(a) - 5*j(a). Calculate w(0).
5
Suppose -23*z + 5900 = -3*z. Let n(i) = 0 - 2 - 2*i**2 + i**3 + 294*i - z*i - i**2. Determine n(4).
10
Let y(z) = z**3 - 13*z**2 - 8*z + 17. Let k(l) = l**2 - l - 1. Let f(u) = 3*k(u) + y(u). Give f(11).
14
Let g(p) be the second derivative of -p**3/6 + 5*p**2/2 + 884*p. Determine g(0).
5
Let n = 78 + -77. Let d(j) be the first derivative of -8/3*j**3 + 0*j**2 - 7 - j. What is d(n)?
-9
Let q = 25 + -31. Let n(d) be the second derivative of -d**5/60 - 5*d**4/24 + d**3/2 + 15*d**2/2 + 9*d. Let j(i) be the first derivative of n(i). Give j(q).
-3
Let x(i) = -i + 127. Let h(u) = -153. Let o(q) = -4*h(q) - 5*x(q). Calculate o(6).
7
Let u(j) = -10*j**2 - 8*j + 1. Let y(d) = -d**2 + 15 - d - 15. Let q = -65 + 71. Let o(c) = q*y(c) - u(c). Calculate o(1).
5
Let k(n) = 134*n**3 - 260*n**3 - 10*n + 127*n**3 - 10 + 7*n**2. Let r be (14/2)/(2/2). Suppose -r*u = -4*u + 24. What is k(u)?
6
Suppose 0 = -117*k + 64*k + 151*k. Let w(z) be the third derivative of -z**4/24 - z**3 + 2*z**2. Calculate w(k).
-6
Suppose -k - 18 = -7*k. Let d be k*6/36*6. Let r(a) = a**3 - 3*a**2 + 3*a - 3. What is r(d)?
6
Let w = 27910 + -27930. Let y(f) = -3*f - 33. Determine y(w).
27
Let n(l) be the first derivative of -l**4/12 - l**3/6 + l**2/2 - 1. Let i(q) be the second derivative of n(q). Suppose 71*w = 74*w + 12. Calculate i(w).
7
Let w = 19743 - 19723. Let v(c) = 16*c**2 - 320*c + 9. Calculate v(w).
9
Suppose -3*x - 3*q = -111, -4*x + 3*q + 141 = -0*q. Let s = x + -30. Let c(p) = 5*p - 4. Let k(n) = 2*n - 2. Let g(h) = 4*c(h) - 9*k(h). Determine g(s).
14
Let r(j) = -3*j + 1. Let u(s) = 2*s - 162. Let g be u(41). Let n = g + 82. What is r(n)?
-5
Let y(w) = -3*w**3 - 2*w**2 - w. Let g(l) = 14*l**3 - 9*l**2 + 26*l + 30. Let f(d) = g(d) + 5*y(d). Calculate f(-20).
10
Let b(i) = 22*i - 402. Suppose -47*h + 4*s = -51*h + 104, -12 = -2*h + 3*s. Calculate b(h).
-6
Let r(t) = 14*t + 14. Suppose 150*h + 172 = -278. Determine r(h).
-28
Let k(r) be the third derivative of -r**4/24 + 19*r**3/6 + 15*r**2. Let y = 11690 - 11669. Calculate k(y).
-2
Let a(j) = 8*j + 29. Suppose -2*b - 7 = 5. Let z(c) = -3*c - 10. Let d(q) = b*a(q) - 17*z(q). Let r be ((7 + -11)*3/4)/1. Determine d(r).
-13
Let r(s) = -5*s + 32. Let x(c) = 2*c - 10. Let d(w) = -r(w) - 3*x(w). Suppose 3*g + 0*g - 12 = 0. Suppose t = f - 5, -2*f + 3*f - g*t - 5 = 0. Give d(f).
-7
Suppose 0 = -4*b +